{"id":111,"date":"2016-04-12T10:48:32","date_gmt":"2016-04-12T10:48:32","guid":{"rendered":"http:\/\/import.getbowtied.com\/merchandiser-v1.1\/shop\/uncategorized\/loo-modern-design-chair\/"},"modified":"2024-04-23T11:27:27","modified_gmt":"2024-04-23T11:27:27","slug":"custom-external-affiliate-product","status":"publish","type":"product","link":"https:\/\/lalocadesayunos.com\/index.php\/producto\/custom-external-affiliate-product\/","title":{"rendered":"Dulce"},"content":{"rendered":"<p>El desayuno incluye:\ud83d\udc99<br \/>\nTaza<br \/>\nCaf\u00e9 y zumo<br \/>\nBoller\u00eda del d\u00eda<br \/>\nFruta de temporada<br \/>\nTortita de ma\u00edz<br \/>\nHuesito<br \/>\nMini Tiramisu<br \/>\nTurr\u00f3n Viena<br \/>\nBarrita cereales<\/p>\n<p>Pan de semillas, tomate ,aceite y quesito<br \/>\nMermelada , chuches<br \/>\nMantel, servilleta, cuchillo y tenedor, plato (descartable)<br \/>\nTarjeta con el mensaje que t\u00fa nos digas<\/p>\n<p>EXTRAS:<\/p>\n<p>3 Globos de l\u00e1tex +15\u20ac<br \/>\nGlobo burbuja +15\u20ac<br \/>\nRamo de flores +30\u20ac<br \/>\nCaja de bombones +10\u20ac<\/p>\n<p>Te cuento un poco m\u00e1s..<br \/>\nLas decoraciones son orientativas. Cu\u00e9ntame de que ocasi\u00f3n especial se trata y lo adaptaremos. Cuando es un cumplea\u00f1os incluye el n\u00famero.<\/p>\n<p>Nos adaptamos a la locura que se te ocurra. No hay dos desayunos iguales, cada uno es \u00fanico!<\/p>\n","protected":false},"excerpt":{"rendered":"<p>Authentic taxidermy Tumblr, meggings migas street art fingerstache vinyl lomo fashion axe fixie irony locavore salvia deep v. You probably haven\u2019t heard of them Thundercats lo-fi, tilde slow-carb vegan flannel. Gentrify sustainable seitan, organic listicle brunch Carles tilde. Lo-fi try-hard pug skateboard, jean shorts Pitchfork cronut you probably haven\u2019t heard of them sriracha Bushwick crucifix.<\/p>\n","protected":false},"featured_media":442,"comment_status":"open","ping_status":"closed","template":"","meta":{"_joinchat":[]},"product_cat":[27],"product_tag":[],"class_list":["post-111","product","type-product","status-publish","has-post-thumbnail","hentry","product_cat-regalos"],"_links":{"self":[{"href":"https:\/\/lalocadesayunos.com\/index.php\/wp-json\/wp\/v2\/product\/111"}],"collection":[{"href":"https:\/\/lalocadesayunos.com\/index.php\/wp-json\/wp\/v2\/product"}],"about":[{"href":"https:\/\/lalocadesayunos.com\/index.php\/wp-json\/wp\/v2\/types\/product"}],"replies":[{"embeddable":true,"href":"https:\/\/lalocadesayunos.com\/index.php\/wp-json\/wp\/v2\/comments?post=111"}],"wp:featuredmedia":[{"embeddable":true,"href":"https:\/\/lalocadesayunos.com\/index.php\/wp-json\/wp\/v2\/media\/442"}],"wp:attachment":[{"href":"https:\/\/lalocadesayunos.com\/index.php\/wp-json\/wp\/v2\/media?parent=111"}],"wp:term":[{"taxonomy":"product_cat","embeddable":true,"href":"https:\/\/lalocadesayunos.com\/index.php\/wp-json\/wp\/v2\/product_cat?post=111"},{"taxonomy":"product_tag","embeddable":true,"href":"https:\/\/lalocadesayunos.com\/index.php\/wp-json\/wp\/v2\/product_tag?post=111"}],"curies":[{"name":"wp","href":"https:\/\/api.w.org\/{rel}","templated":true}]}}